2*z. Suppose -5*j - s = 10, s + 2*s - 3 = -4*j. Calculate m(j).
3
Let p(b) be the second derivative of -2*b**3/3 + 2*b. Let x(q) = q**2 - 7*q + 5. Let s be x(7). Suppose 5*w + 6 + 3 = -i, -5 = s*i + 5*w. Calculate p(i).
-4
Let d(s) = -s - 7. Suppose -5*o = -5*c - 65, 0*c + 5*o = c + 33. Give d(c).
1
Let c(j) be the first derivative of -3*j**4 + 2*j**3/3 - j - 1. Suppose 0 = -4*h - 1 + 5. Give c(h).
-11
Suppose 0 = 4*r - 2*r + 2. Let b(z) = 5*z + 1. Give b(r).
-4
Let y(w) = -w**2 - 4*w - 7. Suppose -12*u - s = -10*u + 5, -3*u - 4*s + 5 = 0. Calculate y(u).
-12
Let j(n) = n**2 + 3*n + 4. Suppose -k - 14 = -3. Let y = k - -7. Determine j(y).
8
Let z be 2/(-4)*1*-4. Let a(f) = 5*f**3 + f**2 - f + 3. Let g(x) = -x**3 - x**2 + x - 1. Let d(k) = -a(k) - 4*g(k). What is d(z)?
-1
Let a(g) = -g**2 + 5*g + 6. Let d be a(6). Let w(j) = -j + 16*j**2 - 4*j**2 + 7 - 11*j**2. Calculate w(d).
7
Let d(u) be the first derivative of 3*u**2/2 - 3*u - 13. What is d(4)?
9
Let g(o) = -o - 1. Let t(p) = 5*p + 1. Let y(h) = -6*g(h) - t(h). Suppose -15 = -0*i + 3*i. Determine y(i).
0
Let r(a) = -3*a + 5. Let f(i) = 15*i**2 + i - 1. Let h = -7 + 8. Let q be f(h). Let d = q - 11. Calculate r(d).
-7
Let v be (-4)/6 - 13/3. Let r(w) be the first derivative of w**3/3 + 2*w**2 - 6*w - 50. Give r(v).
-1
Let z(l) = -3*l**3 - 3. Let j(g) = g**3 - g**2 - g. Let w = -4 + 6. Suppose 2*v - 2*m = 3*m - w, m = 3*v + 3. Let a(k) = v*z(k) - 2*j(k). Give a(-2).
-1
Let s(v) be the second derivative of -v**6/120 + v**5/12 + v**3/6 + v**2 + v. Let g(q) be the first derivative of s(q). Give g(5).
1
Let c(z) = -z**2 - 2*z - 2. Suppose -i - 16 = 3*i, -3*i = -4*y + 24. Determine c(y).
-17
Let g(v) = v + 1. Let h(b) = 7*b + 4*b**2 - 2 + b**2 + 3 - 4*b**2. Let l be h(-6). Calculate g(l).
-4
Let g(t) = 6*t + 5. Let u(c) = 5*c + 4. Suppose 4*z + 0 = -20. Let k(b) = z*u(b) + 4*g(b). Let m(s) = s - 5. Let w be m(7). What is k(w)?
-2
Let l(t) = -t**2 - 1. Let b(w) = 4*w**2 + 8*w - 2. Let m(c) = b(c) + 5*l(c). Calculate m(6).
5
Let a(v) = v + 1. Let o = 9 - 6. Let q be a(o). Let u(c) = -2 + 5 - c + 0. Give u(q).
-1
Let d(h) = 7*h**2 + 8*h**2 + 2*h + h - 16*h**2. Let a be d(4). Let x(m) = -m**3 - 3*m**2 + 2*m + 3. Determine x(a).
11
Let d(q) = 4*q**2 - q + 3. Let j(w) = -5*w**2 - 4. Let t(m) = -6*d(m) - 5*j(m). What is t(-6)?
2
Let z(p) = -5*p**2 + 4*p**2 + 61*p - 68*p - 4. What is z(-6)?
2
Let l = 41 - 23. Suppose 3*y + 3*y - 108 = 0. Let a(i) = l - y + i. What is a(1)?
1
Let w(s) = 2*s + 7. Let v(a) = -4*a - 13. Let o(k) = 6*v(k) + 11*w(k). Give o(-3).
5
Let h = 3 + 2. Let m(j) = -3 - 5*j - h + 4*j + 2*j. Suppose 0 = g - 5 + 1. What is m(g)?
-4
Let k(h) = h**3 - h**2 - 3*h + 2. Let u(z) = 5 + 2 - z - 4 + 2*z + 12*z**2 - z**3. Let y be u(12). Let t be -3 + (-1)/((-3)/y). Give k(t).
0
Let j(q) be the first derivative of q**4/12 + q**3/3 - 2*q**2 + 5*q + 6. Let o(h) be the first derivative of j(h). Calculate o(-3).
-1
Let j(k) = k**2 + 8*k - 6. Suppose 6*r + 0*r = -48. Determine j(r).
-6
Let l(i) = -i**2 - 19*i - 8. Let u be l(-19). Let j(n) = -n**3 - 7*n**2 + 10*n + 6. Calculate j(u).
-10
Let q(l) be the third derivative of -l**6/120 + l**5/20 + 5*l**4/24 + l**3/2 - 22*l**2. Calculate q(4).
7
Let k(s) = -s**2 + s - 1. Let t = -42 + 40. Give k(t).
-7
Let o be (-25)/(-5) - (1 + -1). Suppose 4*l = z + 3*l, -o*z = -4*l. Let m(j) = -j**2 + j - 4. Give m(z).
-4
Let y(c) = -2*c + 4. Let g be (-4)/16 + (-26)/(-8). Suppose s = -4, 7*s - 3*s + 58 = -g*o. Let b be o*3/(-6) - 2. What is y(b)?
-6
Let q be 2/6 - 84/(-18). Let o(m) = 4*m**2 - 3*m**3 + 2*m + 2*m**3 - q*m - 4. Calculate o(3).
-4
Let s(b) = b**2 - 11*b + 11. Let l be s(10). Let a(v) = -4*v**2 - 5 + 2 + 3*v**2 + v - l. Give a(0).
-4
Suppose 5*m - 3*g - 49 = 0, 0 = 3*m + 2*m - 5*g - 55. Let y(d) = -d**3 + 8*d**2 + d - 11. Give y(m).
-3
Let f(l) = -5*l. Suppose -4*r = 2*r + 12. What is f(r)?
10
Let x(m) = m**3 - 5*m**2 - 5*m - 4. Let z be x(6). Suppose -5*c - 17 = 8, -d = z*c + 13. Let p(a) = 4*a**2 - 7*a**2 + 0 - 2 - a**3. Determine p(d).
-2
Let d(g) be the first derivative of -g**4/4 - 2*g**3 + 4*g**2 + 9*g + 4. Let i be d(-7). Let c(t) = 2*t**2 - 2*t + 2. What is c(i)?
6
Let v(l) = l**3 + l**2 + 7. Suppose -5 = b - 5*y, -3*b - 2*y = -b - 2. Let q be -2 - (3 - 5) - b. Give v(q).
7
Let q = -15 + 25. Let r be (12/q)/((-9)/(-30)). Let o(t) = -t + 2. Determine o(r).
-2
Let i(c) be the second derivative of 1/2*c**3 - 4*c**2 - 1/20*c**5 + 1/2*c**4 + 0 - c. Calculate i(6).
10
Suppose 2*n - 14 = -0*n. Suppose 3 + n = -2*f. Let l(i) = i**3 + 5*i**2 - 1. Calculate l(f).
-1
Let l(r) = r + 3. Let k be l(-5). Let u = 4 + k. Let c be -4 + (-1 + -1)/u. Let n(h) = h**3 + 6*h**2 + 4*h + 3. Determine n(c).
8
Let v be (-1 + 3)*(-6)/4. Let y be (3/2)/(v/4). Let r(i) = i. Give r(y).
-2
Let r = -3 - -3. Let i be -2 - (-2 - (r - -4)). Let m(d) = -d + 2*d - 3 - 2*d. Calculate m(i).
-7
Suppose -3*x + 2*x = -2. Suppose -4*z + 5*m + 14 = 0, -x*z = z - 2*m - 7. Suppose -4*y + i - 4 - z = 0, 4*y + 11 = -i. Let r(w) = -w**2 - 4*w - 1. Give r(y).
3
Let i(q) be the second derivative of q**5/20 - q**4/2 + q**3/3 - q**2 - 3*q. Suppose -l = -5*m + 25, -5*m + 5*l + 5 = -0. Calculate i(m).
10
Let r(b) = 2*b**2 - 2. Suppose 8 = 5*c - c. Let a be -2 + (0 + 0)/c. What is r(a)?
6
Let i = 1 + -1. Suppose x - 7 + 8 = i. Let k(s) = 3*s + 13*s - 5*s. What is k(x)?
-11
Let x(f) = -f**3 - 4*f**2 - f + 3. Suppose 4*i - 8 = v + 2, -2*i - 3*v - 2 = 0. Suppose -2*c = -4*o - 10, o - 7 = c + i*o. Calculate x(c).
-3
Let d = 71 - 147. Let u be (-16)/(-72) - d/(-18). Let r(t) = t**2 - 1. Calculate r(u).
15
Let d(a) = a**3 - 6*a**2 + 6*a + 2. Let z(c) = -c**3 - 4*c**2 + 8*c + 7. Let n be z(-5). Suppose -3*g + 3 = -4*g. Let t be (n/g + -1)*3. Determine d(t).
7
Let q(u) = -u**2 + u. Let o be q(1). Let j = -4 - o. Let z(p) = p + 3. Determine z(j).
-1
Let w be (2/5)/((-1)/15). Let p = 5 + w. Let i(a) = -4*a + 3*a + 3*a**3 - a**2 - 5*a**3. Give i(p).
2
Let p(r) = -7*r**2 - 9*r + 9. Let y(g) = -4*g**2 - 5*g + 5. Suppose 23 = 5*x - 17. Suppose -m - 3 - x = 0. Let j(u) = m*y(u) + 6*p(u). Give j(1).
2
Let u(m) be the third derivative of -m**5/60 + m**4/4 - 4*m**3/3 - 7*m**2. Give u(6).
-8
Let q = 7 - 5. Let w(x) = x - 3*x - q + 8. Let v(c) = 2*c**2 + 4*c - 1. Let t be v(-3). Determine w(t).
-4
Let s(q) be the third derivative of q**5/60 + q**4/12 + 2*q**2. Let l(u) = -2*u**2 - u + 1. Let t be l(1). What is s(t)?
0
Let n(f) = -f**2 - 7*f - 3. Suppose -o - 4*b + b + 3 = 0, -4*o - 4*b = 12. Let s be n(o). Let u(v) = -v**2 + 2*v - 2. What is u(s)?
-5
Let v(t) = -5*t**2 - 3*t + 6. Let w(y) = -6*y**2 - 4*y + 7. Let b(m) = 5*v(m) - 4*w(m). Let f = -2 + 4. Determine b(f).
0
Let n(f) = -f**3 - 10*f**2 - f - 9. Let x be n(-10). Let p(b) be the third derivative of b**6/15 - b**3/6 + 4*b**2. Determine p(x).
7
Let f = 10 + -8. Let a(t) be the third derivative of t**5/60 - t**4/24 + t**3/6 + t**2. Give a(f).
3
Let u be (-2 - 0) + 0 + 4. Suppose 0*h - u*h + 6 = 0. Let j(c) = -2*c**2 + 5*c - 4. Give j(h).
-7
Let v(u) = 4 - 52*u + 24*u + 32*u. What is v(-3)?
-8
Suppose -1 - 3 = -2*a. Let d(y) = 4*y**2 - 4 + 9*y - a - y - y**3 - 1. Determine d(5).
8
Suppose 0 = 2*t - 16 - 20. Suppose 0*j + 2 = -3*j - v, -j = 5*v - t. Let d(n) = n**3 + 2*n**2 - 3*n - 2. Determine d(j).
4
Let x be (-1 - 3/(-2))*-2. Let u(p) = -4*p**2 + 2*p + 1. Determine u(x).
-5
Suppose -7 = u - 3*w - 2, -2*w = -2*u - 2. Let h(k) = 11*k**2 - k + 1. Give h(u).
11
Let w(p) = p**3 + 8*p**2 - 10*p - 6. Suppose 5*a + 22 = -3*f, f - 5*a = -4*a - 10. Determine w(f).
3
Let a = -3 - -7. Let n = a - 6. Let t(j) = -j**2 - 3*j. What is t(n)?
2
Let q(u) = -20*u + 10. Suppose 3*h + 5*i = -5 - 51, -5*h - 81 = -4*i. Let f(w) = 7*w - 3. Let n(t) = h*f(t) - 6*q(t). Let m be 0/6*1/(-2). Calculate n(m).
-9
Let l(s) = 2*s + 0*s - s. Let p(y) = y**3 - 14*y**2 - 51*y + 4. Let d be p(17). Determine l(d).
4
Let i(t) = -8*t + 7*t + 8*t**2 + 3 - 1 + 0*t - t**3. Give i(8).
-6
Let o be -2*5/30*-3. Let j(r) = r**2 - r. Calculate j(o).
0
Suppose j + 4*a = 25, -3*j - 4*a + 16 = -19. Let v(b) = 0 + 7 - b + 0*b. Calculate v(j).
2
Let w(q) = q**2 - 5*q - 2. Let m = -1 + 5. Suppose a + 3 = m. Let n be (2 - 0/a)*2. What is w(n)?
-6
Let t(a) = 3*a**3 - 15*a**2 + 12*a - 4. Let u(p) = 4*p**3 - 16*p**2 + 12